{"id":45,"date":"2017-08-24T01:01:04","date_gmt":"2017-08-23T23:01:04","guid":{"rendered":"http:\/\/mizuwari.fr\/?page_id=45"},"modified":"2017-08-31T16:29:39","modified_gmt":"2017-08-31T14:29:39","slug":"soutenez-le-blog","status":"publish","type":"page","link":"https:\/\/mizuwari.fr\/index.php\/soutenez-le-blog\/","title":{"rendered":"Soutenez le blog"},"content":{"rendered":"<p>Vous venez de gagner \u00e0 Euromillion ou avez d\u00e9couvert un tr\u00e9sor de pirates ? Votre compte en banque d\u00e9borde loin devant la virgule, r\u00eavez de sauver le monde, les licornes et la couche d&rsquo;ozone mais n&rsquo;en avez pas le temps ? Bonne nouvelle : pourquoi ne pas faire un don \u00e0 l&rsquo;une de ces organisations ?<\/p>\n<ul>\n<li><strong><a href=\"https:\/\/rsf.org\/fr\">Reporters sans fronti\u00e8res<\/a> :<\/strong> Depuis sa cr\u00e9ation en 1985, Reporters sans fronti\u00e8res (RSF) a pour but de d\u00e9fendre et promouvoir la libert\u00e9 de l&rsquo;information, faire reculer la censure, d\u00e9fendre les journalistes et mobiliser l&rsquo;opinion. Pr\u00e9sent dans 150 pays, l&rsquo;ONG\u00a0dispose d\u2019un statut consultatif aupr\u00e8s des Nations unies et de l\u2019Unesco. Vous avez la possibilit\u00e9 de r\u00e9aliser <a href=\"https:\/\/donate.rsf.org\/b\/mon-don\">un don unique ou mensuel<\/a>*, ou <a href=\"https:\/\/donate.rsf.org\/a\/mon-don\">devenir adh\u00e9ren<\/a>t \u00e0 l&rsquo;association.<\/li>\n<li><a href=\"https:\/\/www.amnesty.fr\/\"><strong>Amnesty International :<\/strong><\/a> Cr\u00e9ee en 1961, l&rsquo;ONG Amnesty International d\u00e9fend les droits de l&rsquo;homme et le respect de la <a href=\"http:\/\/www.un.org\/fr\/universal-declaration-human-rights\/index.html\">D\u00e9claration universelle des droits de l&rsquo;homme<\/a>. Vous avez la possibilit\u00e9 d&rsquo;effectuer <a href=\"https:\/\/soutenir.amnesty.fr\/b\/mon-don\">un don unique ou mensuel<\/a>* et pouvez <a href=\"https:\/\/www.amnesty.fr\/agir\">vous impliquer directement sur le terrain<\/a> si le c\u0153ur vous en dit.<\/li>\n<li><a href=\"http:\/\/www.msf.fr\/\"><strong>M\u00e9decins sans fronti\u00e8res :<\/strong><\/a> Fond\u00e9e en 1971, l&rsquo;organisation caritative priv\u00e9e \u00e0 but humanitaire M\u00e9decins sans fronti\u00e8res (MSF)\u00a0offre une assistance m\u00e9dicale d&rsquo;urgence dans des cas comme les\u00a0conflits arm\u00e9s, les\u00a0catastrophes naturelles, les\u00a0\u00e9pid\u00e9mies\u00a0et les\u00a0famines. Elle offre aussi des actions \u00e0 plus long terme lors de conflits prolong\u00e9s ou d&rsquo;instabilit\u00e9 chronique, dans le cadre de l&rsquo;aide aux r\u00e9fugi\u00e9s ou \u00e0 la suite de\u00a0catastrophes. Elle a re\u00e7u le\u00a0prix Nobel de la paix\u00a0en 1999. Vous avez la possibilit\u00e9 d&rsquo;effectuer <a href=\"https:\/\/soutenir.msf.fr\/b\/mon-don?_ga=2.175349730.1333529862.1503756888-1579509230.1503756888\">un don ponctuel ou mensuel<\/a>*. <a href=\"http:\/\/www.msf.fr\/recrutement\/\">MSF recrute<\/a> \u00e9galement tout au long de l&rsquo;ann\u00e9e des salari\u00e9s et b\u00e9n\u00e9voles pr\u00eats \u00e0 soutenir leurs actions sur les cinq continents.<\/li>\n<li><a href=\"http:\/\/www.medecinsdumonde.org\/fr\"><strong>M\u00e9decins du monde :<\/strong><\/a>\u00a0Lanc\u00e9 en 1980, M\u00e9decins du monde est une organisation de solidarit\u00e9 internationale bas\u00e9e sur le b\u00e9n\u00e9volat de professionnels de la\u00a0sant\u00e9\u00a0pour apporter une\u00a0aide humanitaire\u00a0aux populations vuln\u00e9rables qui <a href=\"http:\/\/www.medecinsdumonde.org\/fr\/recrutement\">recrute constamment des b\u00e9n\u00e9voles et salari\u00e9s au profil m\u00e9dical ou param\u00e9dical<\/a>. Vous pouvez soutenir son action en r\u00e9alisant <a href=\"https:\/\/dons.medecinsdumonde.org\/b\/mon-don\">un don ponctuel ou mensuel<\/a>*.<\/li>\n<li><a href=\"https:\/\/www.hrw.org\/fr\"><strong>Human Rights Watch :<\/strong><\/a> Issu de la fusion d&rsquo;Helsinki Watch (1978), Americas Watch (1981), Asia Watch (1985), Africa Watch (1988) et Middle East Watch (1989), Human Right Watch (HRW) est une ONGI qui se donne pour mission de d\u00e9fendre les\u00a0droits de l&rsquo;homme\u00a0et le respect de la\u00a0D\u00e9claration universelle des droits de l&rsquo;homme<sup id=\"cite_ref-1\" class=\"reference\"><\/sup>. HRW milite notamment pour la\u00a0libert\u00e9 de la presse, l&rsquo;abolition de la\u00a0peine de mort\u00a0et de la\u00a0torture\u00a0mais aussi pour le respect de l&rsquo;ensemble des\u00a0droits civils,\u00a0politiques,\u00a0\u00e9conomiques,\u00a0sociaux\u00a0et culturels, en particulier dans les domaines de l&rsquo;\u00e9ducation et du logement. Vous pouvez contribuer \u00e0 travers <a href=\"https:\/\/donate.hrw.org\/ea-action\/action?ea.client.id=1908&amp;ea.campaign.id=35176\">un don ponctuel*<\/a>ou <a href=\"https:\/\/donate.hrw.org\/ea-action\/action?ea.client.id=1908&amp;ea.campaign.id=36320\">un don mensuel*<\/a>.<\/li>\n<li><a href=\"https:\/\/www.restosducoeur.org\/\"><strong>Les Restos du c\u0153ur :<\/strong><\/a> \u00a0Cr\u00e9\u00e9 par Coluche en 1985, les Restaurants du c\u0153ur ont \u00ab\u00a0pour but d&rsquo;aider et d&rsquo;apporter une assistance b\u00e9n\u00e9vole aux personnes d\u00e9munies, notamment dans le domaine alimentaire par l&rsquo;acc\u00e8s \u00e0 des repas gratuits, et par la participation \u00e0 leur insertion sociale et \u00e9conomique, ainsi qu&rsquo;\u00e0 toute l&rsquo;action contre la pauvret\u00e9 sous toutes ses formes.\u00a0\u00bb Vous avez la possibilit\u00e9 de r\u00e9aliser <a href=\"https:\/\/dons.restosducoeur.org\/b\/mon-don\">un don ponctuel ou mensuel<\/a>*,\u00a0<a href=\"http:\/\/www.enfoires.fr\/\">acheter l&rsquo;album des Enfoir\u00e9s<\/a> ou <a href=\"https:\/\/www.restosducoeur.org\/devenir-benevole\/\">devenir b\u00e9n\u00e9vole<\/a>.<\/li>\n<\/ul>\n<table style=\"border-collapse: collapse;\">\n<tbody>\n<tr>\n<td><a href=\"https:\/\/rsf.org\/\"><img loading=\"lazy\" class=\"alignnone size-medium wp-image-68\" src=\"http:\/\/mizuwari.fr\/wp-content\/uploads\/2017\/08\/Reporter_sans_frontieres-300x145.png\" alt=\"Logo de Reporters sans fronti\u00e8res\" width=\"300\" height=\"145\" srcset=\"https:\/\/mizuwari.fr\/wp-content\/uploads\/2017\/08\/Reporter_sans_frontieres-300x145.png 300w, https:\/\/mizuwari.fr\/wp-content\/uploads\/2017\/08\/Reporter_sans_frontieres.png 350w\" sizes=\"(max-width: 300px) 100vw, 300px\" \/><\/a><\/td>\n<td><a href=\"https:\/\/www.amnesty.fr\/\"><img loading=\"lazy\" class=\"alignnone size-medium wp-image-66\" src=\"http:\/\/mizuwari.fr\/wp-content\/uploads\/2017\/08\/Amnesty_International-300x127.png\" alt=\"Logo Amnesty international\" width=\"300\" height=\"127\" srcset=\"https:\/\/mizuwari.fr\/wp-content\/uploads\/2017\/08\/Amnesty_International-300x127.png 300w, https:\/\/mizuwari.fr\/wp-content\/uploads\/2017\/08\/Amnesty_International.png 350w\" sizes=\"(max-width: 300px) 100vw, 300px\" \/><\/a><\/td>\n<td><a href=\"http:\/\/www.msf.fr\/\"><img loading=\"lazy\" class=\"alignnone size-medium wp-image-67\" src=\"http:\/\/mizuwari.fr\/wp-content\/uploads\/2017\/08\/Medecins_sans_frontieres-300x138.png\" alt=\"Logo de M\u00e9decins sans fronti\u00e8res\" width=\"300\" height=\"138\" srcset=\"https:\/\/mizuwari.fr\/wp-content\/uploads\/2017\/08\/Medecins_sans_frontieres-300x138.png 300w, https:\/\/mizuwari.fr\/wp-content\/uploads\/2017\/08\/Medecins_sans_frontieres.png 350w\" sizes=\"(max-width: 300px) 100vw, 300px\" \/><\/a><\/td>\n<\/tr>\n<tr>\n<td><a href=\"http:\/\/www.medecinsdumonde.org\/fr\"> <img loading=\"lazy\" class=\"alignnone size-medium wp-image-93\" src=\"http:\/\/mizuwari.fr\/wp-content\/uploads\/2017\/08\/Medecins_du_monde-300x296.png\" alt=\"Logo de M\u00e9decins du monde\" width=\"300\" height=\"296\" \/><\/a><\/td>\n<td><a href=\"https:\/\/www.hrw.org\/fr\"><img loading=\"lazy\" class=\"alignnone size-full wp-image-92\" src=\"http:\/\/mizuwari.fr\/wp-content\/uploads\/2017\/08\/Human_Rights_Watch.png\" alt=\"Logo de Human Rights Watch\" width=\"300\" height=\"300\" srcset=\"https:\/\/mizuwari.fr\/wp-content\/uploads\/2017\/08\/Human_Rights_Watch.png 300w, https:\/\/mizuwari.fr\/wp-content\/uploads\/2017\/08\/Human_Rights_Watch-150x150.png 150w\" sizes=\"(max-width: 300px) 100vw, 300px\" \/><\/a><\/td>\n<td><a href=\"https:\/\/www.restosducoeur.org\/\"><img loading=\"lazy\" class=\"alignnone size-medium wp-image-69\" src=\"http:\/\/mizuwari.fr\/wp-content\/uploads\/2017\/08\/Restos_du_coeur-300x300.png\" alt=\"Logo des Restos du c\u0153ur\" width=\"300\" height=\"300\" srcset=\"https:\/\/mizuwari.fr\/wp-content\/uploads\/2017\/08\/Restos_du_coeur-300x300.png 300w, https:\/\/mizuwari.fr\/wp-content\/uploads\/2017\/08\/Restos_du_coeur-150x150.png 150w, https:\/\/mizuwari.fr\/wp-content\/uploads\/2017\/08\/Restos_du_coeur.png 350w\" sizes=\"(max-width: 300px) 100vw, 300px\" \/><\/a><\/td>\n<\/tr>\n<\/tbody>\n<\/table>\n<p><strong><span style=\"color: #a4002a;\">*<\/span><\/strong> : <em>Conform\u00e9ment \u00e0 la loi finance 2017 et aux lois rectificatives, le montant de votre don est d\u00e9ductible de vos imp\u00f4ts dans la limite de 20 % de votre revenu imposable.<\/em><\/p>\n<p>Voil\u00e0.<br \/>\nBravo !<br \/>\nEt merci.<\/p>\n<p>Bon, si malgr\u00e9 tout vous appr\u00e9ciez le travail r\u00e9alis\u00e9 sur <a href=\"http:\/\/www.mizuwari.fr\">Mizuwari<\/a>\u00a0et avez quand m\u00eame tr\u00e8s, tr\u00e8s, tr\u00e8s envie de me supporter directement, qu&rsquo;il vous reste de l&rsquo;argent et que me soutenir ne vous met pas dans la panade, eh bien&#8230; je n&rsquo;ai pour le moment rien pr\u00e9vu de tel. Peut-\u00eatre un jour ouvrirai-je une page <a href=\"https:\/\/www.tipeee.com\/\">Tipeee<\/a>. Peut-\u00eatre pas. Au pire j&rsquo;ai un Paypal. Ou alors vous pouvez <a href=\"http:\/\/mizuwari.fr\/index.php\/adoptez-un-tirage-dart\/\">adopter un tirage<\/a>, qui sera du plus bel effet chez vous ou fera plaisir \u00e0 la personne \u00e0 laquelle vous l&rsquo;offrirez. Mais le mieux, et le moins cher, est de partager mes articles sur les Internets et de parler de Mizuwari autour de vous. \u00c7a ne sauvera pas le monde mais \u00e7a ne peut pas lui nuire.<\/p>\n","protected":false},"excerpt":{"rendered":"<p>Vous venez de gagner \u00e0 Euromillion ou avez d\u00e9couvert un tr\u00e9sor de pirates ? Votre compte en banque d\u00e9borde loin devant la virgule, r\u00eavez de sauver le monde, les licornes et la couche d&rsquo;ozone mais n&rsquo;en avez pas le temps ? Bonne [&hellip;]<\/p>\n","protected":false},"author":1,"featured_media":0,"parent":0,"menu_order":0,"comment_status":"closed","ping_status":"closed","template":"","meta":[],"yoast_head":"<!-- This site is optimized with the Yoast SEO plugin v16.1.1 - https:\/\/yoast.com\/wordpress\/plugins\/seo\/ -->\n<title>Soutenez le blog - Mizuwari<\/title>\n<link rel=\"canonical\" href=\"http:\/\/mizuwari.fr\/index.php\/soutenez-le-blog\/\" \/>\n<meta property=\"og:locale\" content=\"fr_FR\" \/>\n<meta property=\"og:type\" content=\"article\" \/>\n<meta property=\"og:title\" content=\"Soutenez le blog - Mizuwari\" \/>\n<meta property=\"og:description\" content=\"Vous venez de gagner \u00e0 Euromillion ou avez d\u00e9couvert un tr\u00e9sor de pirates ? Votre compte en banque d\u00e9borde loin devant la virgule, r\u00eavez de sauver le monde, les licornes et la couche d&rsquo;ozone mais n&rsquo;en avez pas le temps ? Bonne [&hellip;]\" \/>\n<meta property=\"og:url\" content=\"http:\/\/mizuwari.fr\/index.php\/soutenez-le-blog\/\" \/>\n<meta property=\"og:site_name\" content=\"Mizuwari\" \/>\n<meta property=\"article:publisher\" content=\"https:\/\/www.facebook.com\/MizuwariPhoto\/\" \/>\n<meta property=\"article:modified_time\" content=\"2017-08-31T14:29:39+00:00\" \/>\n<meta property=\"og:image\" content=\"http:\/\/mizuwari.fr\/wp-content\/uploads\/2017\/08\/Reporter_sans_frontieres-300x145.png\" \/>\n<meta name=\"twitter:card\" content=\"summary_large_image\" \/>\n<meta name=\"twitter:site\" content=\"@Mizuwari_Photo\" \/>\n<meta name=\"twitter:label1\" content=\"Dur\u00e9e de lecture est.\">\n\t<meta name=\"twitter:data1\" content=\"4 minutes\">\n<script type=\"application\/ld+json\" class=\"yoast-schema-graph\">{\"@context\":\"https:\/\/schema.org\",\"@graph\":[{\"@type\":\"WebSite\",\"@id\":\"https:\/\/mizuwari.fr\/#website\",\"url\":\"https:\/\/mizuwari.fr\/\",\"name\":\"Mizuwari\",\"description\":\"La photo, c&#039;est bon. Mangez-en.\",\"potentialAction\":[{\"@type\":\"SearchAction\",\"target\":\"https:\/\/mizuwari.fr\/?s={search_term_string}\",\"query-input\":\"required name=search_term_string\"}],\"inLanguage\":\"fr-FR\"},{\"@type\":\"ImageObject\",\"@id\":\"http:\/\/mizuwari.fr\/index.php\/soutenez-le-blog\/#primaryimage\",\"inLanguage\":\"fr-FR\",\"url\":\"http:\/\/mizuwari.fr\/wp-content\/uploads\/2017\/08\/Reporter_sans_frontieres-300x145.png\",\"contentUrl\":\"http:\/\/mizuwari.fr\/wp-content\/uploads\/2017\/08\/Reporter_sans_frontieres-300x145.png\"},{\"@type\":\"WebPage\",\"@id\":\"http:\/\/mizuwari.fr\/index.php\/soutenez-le-blog\/#webpage\",\"url\":\"http:\/\/mizuwari.fr\/index.php\/soutenez-le-blog\/\",\"name\":\"Soutenez le blog - Mizuwari\",\"isPartOf\":{\"@id\":\"https:\/\/mizuwari.fr\/#website\"},\"primaryImageOfPage\":{\"@id\":\"http:\/\/mizuwari.fr\/index.php\/soutenez-le-blog\/#primaryimage\"},\"datePublished\":\"2017-08-23T23:01:04+00:00\",\"dateModified\":\"2017-08-31T14:29:39+00:00\",\"breadcrumb\":{\"@id\":\"http:\/\/mizuwari.fr\/index.php\/soutenez-le-blog\/#breadcrumb\"},\"inLanguage\":\"fr-FR\",\"potentialAction\":[{\"@type\":\"ReadAction\",\"target\":[\"http:\/\/mizuwari.fr\/index.php\/soutenez-le-blog\/\"]}]},{\"@type\":\"BreadcrumbList\",\"@id\":\"http:\/\/mizuwari.fr\/index.php\/soutenez-le-blog\/#breadcrumb\",\"itemListElement\":[{\"@type\":\"ListItem\",\"position\":1,\"item\":{\"@type\":\"WebPage\",\"@id\":\"https:\/\/mizuwari.fr\/\",\"url\":\"https:\/\/mizuwari.fr\/\",\"name\":\"Accueil\"}},{\"@type\":\"ListItem\",\"position\":2,\"item\":{\"@type\":\"WebPage\",\"@id\":\"http:\/\/mizuwari.fr\/index.php\/soutenez-le-blog\/\",\"url\":\"http:\/\/mizuwari.fr\/index.php\/soutenez-le-blog\/\",\"name\":\"Soutenez le blog\"}}]}]}<\/script>\n<!-- \/ Yoast SEO plugin. -->","_links":{"self":[{"href":"https:\/\/mizuwari.fr\/index.php\/wp-json\/wp\/v2\/pages\/45"}],"collection":[{"href":"https:\/\/mizuwari.fr\/index.php\/wp-json\/wp\/v2\/pages"}],"about":[{"href":"https:\/\/mizuwari.fr\/index.php\/wp-json\/wp\/v2\/types\/page"}],"author":[{"embeddable":true,"href":"https:\/\/mizuwari.fr\/index.php\/wp-json\/wp\/v2\/users\/1"}],"replies":[{"embeddable":true,"href":"https:\/\/mizuwari.fr\/index.php\/wp-json\/wp\/v2\/comments?post=45"}],"version-history":[{"count":22,"href":"https:\/\/mizuwari.fr\/index.php\/wp-json\/wp\/v2\/pages\/45\/revisions"}],"predecessor-version":[{"id":113,"href":"https:\/\/mizuwari.fr\/index.php\/wp-json\/wp\/v2\/pages\/45\/revisions\/113"}],"wp:attachment":[{"href":"https:\/\/mizuwari.fr\/index.php\/wp-json\/wp\/v2\/media?parent=45"}],"curies":[{"name":"wp","href":"https:\/\/api.w.org\/{rel}","templated":true}]}}